(3 - 2)). Let k be 1353/9 + 4/h. Let q = 650 - k. Is q a composite number?
False
Is (9/(-72))/(185817/(-185816) - -1) composite?
False
Let j(f) = 4481*f + 65. Let t be j(4). Let v = 25890 - t. Is v a composite number?
False
Let s(o) = -14*o - 68. Let f be s(-5). Suppose -x - f*n = -68 - 5055, -5127 = -x - n. Is x prime?
False
Suppose -139*y + 140*y - 5 = 0. Let l(v) = 22*v - 73. Is l(y) prime?
True
Suppose 4*m = 4*p - 184, -3*m - 7*p - 136 = -12*p. Suppose -k = 128 + 46. Let h = m - k. Is h prime?
True
Let u(l) = 5*l**2 - l. Let j be u(-1). Let c(b) = -b**3 + 5*b**2 + 7*b - 3. Let k be c(j). Suppose -k*d + 165 = -0*d. Is d a prime number?
False
Let k = -4222 - -197561. Is k composite?
True
Suppose -2*j + 8 = -3*u, j + u - 20 = -4*j. Suppose j*g - 3727 = 609. Let b = g - 707. Is b prime?
False
Let s be -12*(3*2/4 - 2). Suppose -s*r - 5013 = -15*r. Is r composite?
False
Suppose 4*y + 6249 = -2*x - 117, 5 = x. Let c = -27 - y. Is c a prime number?
True
Suppose -4*o + 111116 + 37541 = -4387. Is o composite?
False
Let t = 78 + -52. Suppose -2536 = t*o - 34*o. Is o prime?
True
Let y be 3 + -1 - (3 - 6). Suppose 3997 = 3*c - 6*f + f, -y*c = 3*f - 6639. Suppose 7*t - 4*t - c = 0. Is t a composite number?
False
Suppose -47 = -3*l - 5*i, l = 2*l - 2*i - 1. Let f be l*(-4 + (-42)/(-9)). Is 16/(-24) - (-8170)/f prime?
True
Let f(y) = 2*y**3 + 5*y**2 - 10*y - 1. Let s be f(-5). Let r = -92 - s. Is (-5043)/(-6) - 8/r composite?
True
Let a = 793400 + -436255. Is a prime?
False
Let q = -145331 + 317809. Is q a composite number?
True
Let n = -3610 - -5199. Suppose 0*s = -s, -d + 4*s = -n. Is d prime?
False
Let d be 3599/2 + 1/(-2). Let y(g) = -28*g**2 - 77*g - 293. Let h be y(-7). Let q = d + h. Is q a composite number?
False
Let y(h) = 710*h**2 + 20*h + 483. Is y(-20) a prime number?
True
Let j(r) = -871*r**3 + 85*r**2 + 6*r + 23. Is j(-6) composite?
True
Suppose -2*d + 0*j + 18294 = 4*j, d - 3*j - 9137 = 0. Let c = 848 + d. Is c prime?
False
Suppose 9 = 3*q, 32963 - 92164 = -2*a - q. Is a composite?
False
Suppose -6*l - 10 = -8*l. Suppose o - 3*m + 1192 = 3*o, 5*o = l*m + 2980. Suppose -1369 - o = -5*z. Is z a composite number?
True
Let a = 85097 + -33340. Is a a composite number?
True
Let g = 20 - 26. Let k be g/16 - (-419)/8. Let l = k + 321. Is l a prime number?
True
Suppose 0*l + l = 4, 0 = -3*o - 4*l - 338. Let m = 117 + o. Is m - 12*(-8)/36*387 prime?
True
Suppose 5*s + 7 = 17. Suppose -5*w - 1680 = -5*x, 0 = s*x - 4*w - 427 - 253. Let d = 541 - x. Is d a composite number?
True
Let a be -4 + -1 + (-871)/(-21 + 8). Let m = a - -87. Is m composite?
False
Let r(s) = 3*s + 57. Let f be r(-18). Suppose -3*z + 376 = 2*c - 677, 3*z - f*c - 1068 = 0. Is z a composite number?
False
Suppose z = 3*k + 27 + 7, 0 = -2*z + 5*k + 72. Suppose -5*f - 4*m = -40, -4*f - 5*m = -z + 14. Is (5 - f)/3*-223*1 composite?
False
Suppose 0*n = 4*n - 688. Suppose 0 = 4*c + n + 28. Is 3765*(c/(-15) + -3) a composite number?
True
Suppose 4*i + 2*i = -240. Let l = i + 40. Suppose 3*m + 2*m - 1245 = 5*n, l = 4*m - n - 1008. Is m composite?
True
Suppose -4 = -4*f + 8. Suppose 0 = -0*h + 3*h - 3*z, -f*h = 3*z + 18. Is (-4682)/h + 2/6 a prime number?
False
Let t(n) = -2*n**2 - 24*n + 48. Let o be t(-14). Let w(v) = 25 - 81*v + v - 87*v. Is w(o) a prime number?
True
Suppose -6*y + 4*y = -4*n + 58, -3*n = -5*y - 47. Suppose 56 - n = 3*c. Is c a prime number?
False
Let r = -484 + 486. Suppose 79295 = 3*t + r*t. Is t prime?
True
Let p(r) = -r + 30. Let t(f) = f + 16. Let z be t(9). Let d be p(z). Is 381 + (2 + -2)/d prime?
False
Let g(a) = -7735*a + 214. Let f(j) = -3867*j + 107. Let s(y) = 5*f(y) - 3*g(y). Is s(4) a composite number?
False
Let t(u) = -u**3 - 36*u**2 - 2*u - 27. Let l be t(-36). Is (30/l)/((-2)/(-22191)) a composite number?
True
Let k(d) = 239*d**2 - 891*d - 25. Is k(-14) a composite number?
True
Let p be 21/(-14)*17294/(-3). Suppose 0 = 4*b + 12, 5*b - p = -h + 7*b. Is h a composite number?
False
Suppose -136*t - 118*t + 76631038 = 0. Is t a prime number?
False
Is 3/(-1) - (-1342432)/16 a prime number?
False
Let d = 51412 + -1729. Is d composite?
True
Suppose 4*h + 123 = 2*q - 7, -5*h = -4*q + 260. Let n = q + -60. Suppose -3381 = -5*f + 5*m - 11, -4*f + n*m = -2697. Is f a prime number?
True
Suppose 31*j - 171903 = 153380. Is j a prime number?
False
Let f = -547660 + 888271. Is f composite?
True
Let v = -63224 + 146563. Is v prime?
True
Let b = -14 - -9. Let i(x) = 638*x**2 + 8*x + 9. Is i(b) a prime number?
True
Let q be (5 + (-15)/2)*(3 + -1). Is (25/q - -1111) + -7 a composite number?
True
Let u be ((-79)/4)/(6/48). Let z = 577 + u. Is z a composite number?
False
Let x(y) = -12032*y + 2451. Is x(-1) a prime number?
False
Let c(f) = -12*f**2 + 2*f + 9. Let w(o) = 12*o**2 - o - 10. Let g(q) = -6*c(q) - 5*w(q). Is g(6) composite?
True
Suppose -6 = -4*i - 5*j, 4*i - 3*j = -j - 8. Let n be 373/(i/6*-3). Suppose 2*a = -2*h + n, 0 = -5*h + h + 5*a + 1474. Is h composite?
True
Let r(w) = 5*w**2 + 13*w - 3. Let n be r(-2). Let x(l) = 53*l**2 - 5*l - 17. Is x(n) composite?
True
Suppose 67*r - 704856 = 14*r + 471161. Is r a prime number?
True
Let u = 561450 - 332369. Is u prime?
True
Let h(k) = 2*k**2 + 2*k + 12. Let v be h(4). Let y be ((-4 - v/(-12)) + 0)*9. Is (-3)/2*(5 - 3329/y) a prime number?
True
Let v = 175778 + -56065. Is v prime?
False
Let l(f) = 8*f + 74. Let o be l(-9). Is ((-20)/100)/(o*1/(-117770)) a composite number?
False
Is (30217864/32 - 7/28)*9/12 composite?
True
Let q(u) = u**2 - 4*u + 3. Let i be q(3). Suppose 5*w - 4*w = i. Is (w + -115)/(5 + -6) a prime number?
False
Let u be ((-13)/(-4))/((40/(-13088))/(-5)). Suppose 12185 = 6*i - u. Let o = i + 352. Is o prime?
False
Suppose 3*q + 78941 = 92*i - 91*i, -9*q = i - 79013. Is i a composite number?
True
Let w be (2/(-4))/(-2 + 30/12). Let r(u) = -13440*u**3 + u**2 + 3*u + 3. Is r(w) a composite number?
False
Suppose -44*n - 119*n - 9871686 = -361*n. Is n a prime number?
False
Let w(h) = 7*h**2 + 15*h - 3. Let c(x) = 5*x**2 + 15*x - 1. Let l(p) = -4*c(p) + 3*w(p). Suppose 14 = -2*i - 4*r, 3*i + r + 31 = 5*r. Is l(i) a prime number?
True
Let w be (4/(-3))/(6/(-9)). Suppose 5*i + 26 = -2*g, g + 2*i + 19 = -w*i. Is 269 - (-4 - g)*-4 composite?
True
Suppose -2*h + 4 = -26. Suppose 2605 = i + i + 3*f, 0 = -3*f - h. Suppose -5*t + 2254 + 1001 = 5*m, -2*t = 4*m - i. Is t prime?
True
Let n = -185 + 181. Is (2/(n - 0))/(3/(-7026)) a composite number?
False
Let t(l) = -20831*l + 3273. Is t(-10) prime?
True
Suppose -5*r - 253388 - 546296 = -9*r. Is r composite?
False
Suppose 15924329 = 92*t + 1388421. Is t a composite number?
False
Suppose 90796 + 49089 = 11*r - 114094. Is r prime?
False
Suppose -2*g - 2*j + 6638 = 0, 124*g - 121*g + 4*j = 9950. Is g prime?
False
Let x be (-5886)/(-135) - (14/(-10) + 1). Suppose 2*v = o - 0*o - x, -208 = -5*o + 4*v. Suppose -p - o = -167. Is p a prime number?
True
Let f = 29086 + -16649. Is f prime?
True
Let o be (-87 + 21)/(-2*(-1)/(-2)). Let k be (o - 65) + (1 - 0/(-2)). Is 363734/126 - (0 + k/(-9)) composite?
False
Suppose -29*r + 38*r + 75384 = 0. Let b = 12789 + r. Is b a composite number?
True
Suppose 0 = 4*n - i + 140, 5*n + 5*i + 174 = 24. Let k(p) = p**3 + p**2 + 753. Let b be k(0). Let a = n + b. Is a prime?
True
Let i(n) = 78*n**3 + 11*n**2 - 2*n + 6. Let u be i(6). Suppose 0*w = -w + 5*o + u, 3*w + o = 51634. Is w a composite number?
True
Suppose -d + 549 - 543 = 0. Is ((-35163)/d)/((-15)/30) a prime number?
False
Is 12 + (6 + 410607 - 8) a composite number?
False
Let a = 336509 - 143086. Is a composite?
False
Is -9*(-11)/(-99)*-160343 composite?
False
Let p(y) = y**3 - 19*y**2 + 17*y + 22. Let d be p(18). Let n be -2 + d + (-2584 - 1). Let r = n + 3944. Is r a composite number?
False
Let u(g) = 1107*g**3 + 4*g**2 - 13*g + 31. Is u(7) composite?
False
Let o(d) = d**2 + 5*d + 41. Suppose -4*i + i = 3*q - 48, q = -3*i + 24. Let y be 1/q*3 + 77/(-4). Is o(y) a prime number?
True
Let a be (-1)/(((-9)/12*-2)/(-3)). Suppose 5*v + 2*f = 9297, -a*f - 2*f = -5*v + 9291. Suppose -11*c = 2*c - v. Is c prime?
False
Let t(s) = -9*s**3 + 22*s**2 - 2*s + 17. Let y be t(9). Is (7/(14/3))/((-6)/y) a composite number?
True
Suppose -180*o = -90*o - 64*o - 24730862. Is o a prime number?
False